6 prime?
False
Is 74665849 prime?
True
Is 197398637 a prime number?
False
Is 19126201 a prime number?
True
Is 34990489 a composite number?
False
Is 64756833 a prime number?
False
Is 2331137 prime?
False
Is 326902411 a composite number?
True
Is 917347 a prime number?
False
Is 596593 a prime number?
True
Is 683917 prime?
False
Is 1255912363 prime?
True
Is 3605677 a prime number?
False
Is 131829281 a prime number?
False
Is 892747 composite?
False
Is 77565979 prime?
True
Is 30533227 a composite number?
True
Is 15115967 composite?
True
Is 2415727 a prime number?
False
Is 15618371 a prime number?
True
Is 3687023 prime?
False
Is 345637 prime?
True
Is 10876069 a composite number?
False
Is 4847269 composite?
True
Is 2507523 prime?
False
Is 1096765135 a composite number?
True
Is 62134297 a composite number?
True
Is 275730737 a composite number?
False
Is 926603 a composite number?
True
Is 371594423 a prime number?
True
Is 224773889 a prime number?
True
Is 17390207 prime?
True
Is 40993121 prime?
False
Is 7610689 composite?
False
Is 51059861 composite?
False
Is 5203771 composite?
False
Is 965942 a prime number?
False
Is 2183277 a prime number?
False
Is 10915781 composite?
True
Is 2439409 a composite number?
True
Is 30881671 composite?
True
Is 2253997 a prime number?
True
Is 12577769 composite?
True
Is 7273033 a prime number?
True
Is 1994977 a composite number?
False
Is 7409477 a composite number?
False
Is 15330323 prime?
True
Is 7570339 composite?
True
Is 13215047 composite?
False
Is 550721 composite?
False
Is 62698033 prime?
True
Is 1080689 prime?
False
Is 3613223 composite?
True
Is 512597 composite?
False
Is 161462969 prime?
False
Is 231403 a prime number?
False
Is 717508451 a prime number?
False
Is 115402757 a prime number?
True
Is 4289503 a composite number?
True
Is 13176691 a composite number?
True
Is 8557589 a prime number?
True
Is 257694299 a composite number?
False
Is 76689599 prime?
False
Is 12258527 composite?
True
Is 94558427 prime?
True
Is 2427133 a composite number?
True
Is 157738069 composite?
False
Is 19145239 prime?
False
Is 3771743 a composite number?
True
Is 55395079 prime?
True
Is 87026449 composite?
False
Is 321825737 composite?
False
Is 5206991 prime?
True
Is 45462359 prime?
False
Is 113494457 a composite number?
True
Is 74574803 a prime number?
True
Is 3479519 a composite number?
True
Is 5328217 a prime number?
True
Is 11246579 a composite number?
True
Is 3457301 a prime number?
True
Is 825787 a composite number?
True
Is 88337281 composite?
True
Is 10047437 prime?
True
Is 2635819 a composite number?
False
Is 30043667 composite?
True
Is 1661389 prime?
False
Is 8255029 prime?
True
Is 178826873 composite?
False
Is 97925653 a composite number?
True
Is 100007933 prime?
False
Is 8055439 prime?
False
Is 13796579 composite?
True
Is 27841639 prime?
False
Is 42214801 a composite number?
False
Is 113467269 a prime number?
False
Is 587371 a composite number?
False
Is 21612967 a prime number?
False
Is 7416499 prime?
True
Is 223004323 a prime number?
True
Is 123618017 a prime number?
True
Is 44747369 a composite number?
False
Is 737657 a prime number?
True
Is 6492921 a prime number?
False
Is 2552287 a prime number?
False
Is 12463511 a composite number?
True
Is 60262715 a prime number?
False
Is 148425341 composite?
False
Is 166251559 a prime number?
True
Is 20603941 prime?
True
Is 5040767 a composite number?
False
Is 15303599 composite?
False
Is 618158 a prime number?
False
Is 3085673 prime?
True
Is 12696487 composite?
False
Is 12595721 composite?
True
Is 2532533 a prime number?
False
Is 1207188599 composite?
False
Is 18787969 composite?
True
Is 29282611 a composite number?
True
Is 157171907 prime?
False
Is 27375349 a prime number?
True
Is 1956191 a prime number?
False
Is 53088649 a composite number?
False
Is 424644487 a prime number?
False
Is 6088795 composite?
True
Is 40649995 a prime number?
False
Is 2056231 a prime number?
False
Is 55103 a composite number?
False
Is 11713373 a composite number?
True
Is 869887 composite?
False
Is 1549549 a prime number?
True
Is 1243129 a prime number?
True
Is 2714351 composite?
True
Is 19899193 a prime number?
True
Is 221937719 a composite number?
False
Is 439211 prime?
False
Is 3733913 a prime number?
True
Is 24195685 a composite number?
True
Is 8364689 composite?
False
Is 4531103 prime?
False
Is 96946613 a prime number?
True
Is 3821863 prime?
True
Is 10244077 a prime number?
False
Is 15122501 a composite number?
False
Is 40697645 composite?
True
Is 518224061 a prime number?
True
Is 877291 a prime number?
True
Is 67101 prime?
False
Is 6708301 a composite number?
True
Is 33875821 composite?
True
Is 26996455 prime?
False
Is 65961809 composite?
False
Is 12692341 a composite number?
False
Is 1132199 a composite number?
False
Is 13879083 composite?
True
Is 5288509 a prime number?
True
Is 244012591 a prime number?
True
Is 15325979 a prime number?
False
Is 82345441 prime?
True
Is 41699939 a composite number?
False
Is 24149189 prime?
True
Is 365494 a composite number?
True
Is 16184621 a prime number?
True
Is 11912077 a composite number?
True
Is 15949673 a prime number?
True
Is 462671 composite?
True
Is 1146127 a prime number?
False
Is 1354559 prime?
False
Is 26054461 a composite number?
False
Is 2470603 prime?
True
Is 381857547 composite?
True
Is 31556257 a composite number?
True
Is 17437129 a composite number?
False
Is 14377789 a composite number?
True
Is 307084741 a prime number?
False
Is 4506373 composite?
False
Is 19324241 a prime number?
True
Is 1377469 a prime number?
True
Is 781951 a composite number?
False
Is 481511 a composite number?
True
Is 510199 a prime number?
True
Is 7652903 a composite number?
True
Is 57889057 a composite number?
False
Is 62964793 a composite number?
True
Is 29900119 a prime number?
True
Is 72180939 composite?
True
Is 88405465 composite?
True
Is 59764451 a composite number?
False
Is 2859733 prime?
True
Is 16548493 composite?
True
Is 5710333 composite?
False
Is 81828247 a composite number?
True
Is 131746343 a composite number?
False
Is 1681817 a prime number?
True
Is 2258713 a composite number?
False
Is 2415653 composite?
False
Is 10225919 prime?
False
Is 54752839 prime?
True
Is 38230735 a composite number?
True
Is 197687923 prime?
True
Is 57329791 composite?
True
Is 4554761 composite?
False
Is 1003463 a composite number?
False
Is 34195033 a composite number?
False
Is 843805 a composite number?
True
Is 803189 composite?
False
Is 13120057 a composite number?
False
Is 153179969 a prime number?
True
Is 8740997 a composite number?
True
Is 21869197 a prime number?
False
Is 351385951 a prime number?
False
Is 302801 a prime number?
True
Is 67120733 composite?
True
Is 8593883 a composite number?
False
Is 31924007 a composite number?
True
Is 5411167 prime?
True
Is 98497649 composite?
True
Is 78798029 a prime number?
True
Is 22119037 prime?
True
Is 4525679 composite?
True
Is 2751241 prime?
True
Is 24902711 composite?
True
Is 27747673 composite?
True
Is 698187877 a prime number?
False
Is 14995373 composite?
True
Is 57927581 prime?
True
Is 53806703 composite?
False
Is 10287947 a composite number?
True
Is 16346063 a prime number?
False
Is 73250579 a prime number?
True
Is 9168877 prime?
False
Is 13280573 composite?
False
Is 4221361 composite?
False
Is 82621465 a composite number?
True
Is 1785541 a prime number?
True
Is 4317913 composite?
False
Is 19648271 a prime number?
False
Is 55851949 a prime number?
True
Is 21480101 a composite number?
False
Is 16312631 composite?
True
Is 41852149 composite?
True
Is 54472843 prime?
False
Is 9484859 a composite number?
True
Is 19292649 a prime number?
False
Is 16351759 a prime number?
True
Is 4836189 a composite number?
True
Is 14732561 a prime number?
True
Is 7545409 a prime number?
False
Is 262657183 a prime number?
True
Is 601466167 a composite number?
False
Is 1382419 a prime number?
True
Is 105984823 prime?
False
Is 1853057 composite?
True
Is 40169323 a prime number?
True
Is 8292353 prime?
True
Is 94850629 a prime number?
True
Is 136965835 prime?
False
Is 19448917 prime?
True
Is 47506051 a prime number?
True
Is 4935981 prime?
False
Is 34822553 composite?
False
Is 632081011 a composite number?
False
Is 62274491 prime?
True
Is 120739517 a composite number?
